{"id":4544,"date":"2018-04-08T23:02:51","date_gmt":"2018-04-08T22:02:51","guid":{"rendered":"http:\/\/designsocialclub.com\/?page_id=4544"},"modified":"2019-07-23T13:46:09","modified_gmt":"2019-07-23T12:46:09","slug":"karman-designsocialclub-karman","status":"publish","type":"page","link":"https:\/\/designsocialclub.com\/index.php\/karman-designsocialclub-karman\/","title":{"rendered":"Karman- Design Social Club &#8211; Karman"},"content":{"rendered":"<section  class=\"content-section full-width with-col cover no-padding no-margin    content-section-69dec43571a5f\"><div class=\"row vc_row-fluid\"><div class=\"wpb_column col-md-3 align-center wow fadeInDown\" data-wow-delay=\"3s\" data-wow-duration=\"8s\"><div class=\"section-text text-block \" ><p><a href=\"http:\/\/designsocialclub.com\/index.php\/projects-designsocialclub-projects\/\"><img loading=\"lazy\" class=\"aligncenter wp-image-4391\" src=\"https:\/\/i0.wp.com\/designsocialclub.com\/wp-content\/uploads\/2018\/04\/turn-right-arrow-with-broken-line.png?resize=78%2C78\" alt=\"\" width=\"78\" height=\"78\" data-recalc-dims=\"1\" \/><\/a><\/p>\n<\/div><\/div><div class=\"wpb_column col-md-3 wow fadeInDown\" data-wow-delay=\"3s\" data-wow-duration=\"8s\"><\/div><div class=\"wpb_column col-md-3\"><\/div><div class=\"wpb_column col-md-3\"><\/div><\/div><\/section><section  class=\"content-section full-width with-col cover no-padding no-margin    content-section-69dec43571d3d\"><div class=\"row vc_row-fluid\"><div class=\"wpb_column col-md-12\"><div  class=\"fullwidth-slider owl-carousel\"><div class=\"container relative\"><div  class=\"full-block align-center\" ><img src=\"https:\/\/i0.wp.com\/designsocialclub.com\/wp-content\/uploads\/2016\/12\/karman-fauteuil-japa-2.jpg?resize=640%2C427&#038;ssl=1\"  width=\"640\" height=\"427\" alt=\"\" title=\"\" data-recalc-dims=\"1\" \/><\/div><\/div><div class=\"container relative\"><div  class=\"full-block align-center\" ><img src=\"https:\/\/i0.wp.com\/designsocialclub.com\/wp-content\/uploads\/2016\/12\/karman-fauteuil-japa-3.jpg?resize=640%2C427&#038;ssl=1\"  width=\"640\" height=\"427\" alt=\"\" title=\"\" data-recalc-dims=\"1\" \/><\/div><\/div><div class=\"container relative\"><div  class=\"full-block align-center\" ><img src=\"https:\/\/i0.wp.com\/designsocialclub.com\/wp-content\/uploads\/2016\/12\/karman-fauteuil-japa-4.jpg?resize=640%2C427&#038;ssl=1\"  width=\"640\" height=\"427\" alt=\"\" title=\"\" data-recalc-dims=\"1\" \/><\/div><\/div><div class=\"container relative\"><div  class=\"full-block align-center\" ><img src=\"https:\/\/i0.wp.com\/designsocialclub.com\/wp-content\/uploads\/2016\/12\/karman-fauteuil-japa-1.jpg?resize=640%2C427&#038;ssl=1\"  width=\"640\" height=\"427\" alt=\"\" title=\"\" data-recalc-dims=\"1\" \/><\/div><\/div><\/div><div class=\"section-text text-block align-center\" style=\"color:#ffffff;\"><p><span style=\"font-size: 14px\">.<\/span><\/p>\n<\/div><\/div><\/div><\/section><section  class=\"content-section full-width with-col cover no-padding no-margin    content-section-69dec43572b83\"><div class=\"row vc_row-fluid\"><div class=\"wpb_column col-md-3 align-center\"><\/div><div class=\"wpb_column col-md-3\"><div class=\"section-text text-block \" ><div class=\"page\" title=\"Page 3\">\n<div class=\"layoutArea\">\n<div class=\"column\">\n<p><b>KARMAN<\/b>, 2015 \/\u00a0S\u00e9rie Japa<\/p>\n<p><span style=\"font-size: 14px\"><em><a href=\"https:\/\/designsocialclub.com\/index.php\/helloyou-designsocialclub-helloyou\/\" target=\"_blank\" rel=\"noopener noreferrer\">Prix sur demande<\/a><\/em><\/span><\/p>\n<\/div>\n<\/div>\n<\/div>\n<\/div><\/div><div class=\"wpb_column col-md-3\"><div class=\"section-text text-block \" ><div class=\"page\" title=\"Page 3\">\n<div class=\"layoutArea\">\n<div class=\"column\">\n<div class=\"page\" title=\"Page 43\">\n<div class=\"layoutArea\">\n<div class=\"column\">\n<div class=\"page\" title=\"Page 44\">\n<div class=\"layoutArea\">\n<div class=\"column\">\n<div class=\"page\" title=\"Page 44\">\n<div class=\"layoutArea\">\n<div class=\"column\">\n<p><em>Fauteuil<\/em><br \/>\nTextile recycl\u00e9, m\u00e9tal laqu\u00e9,bois.<br \/>\nH : 73 X 55 cm<\/p>\n<\/div>\n<\/div>\n<\/div>\n<\/div>\n<\/div>\n<\/div>\n<\/div>\n<\/div>\n<\/div>\n<\/div>\n<\/div>\n<\/div>\n<\/div><\/div><div class=\"wpb_column col-md-3\"><\/div><\/div><\/section><section  class=\"content-section full-width with-col cover no-padding no-margin    content-section-69dec4357336e\"><div class=\"row vc_row-fluid\"><div class=\"wpb_column col-md-2 align-center\"><\/div><div class=\"wpb_column col-md-4\"><div class=\"section-text text-block \" ><div class=\"page\" title=\"Page 37\">\n<div class=\"layoutArea\">\n<div class=\"column\">\n<p style=\"text-align: right\">Karman d\u00e9signe la somme des actes d\u2019un individus. Justifi\u00e9 par le principe de l\u2019interd\u00e9pendance, le monde se fa\u00e7onne par les actions de chacun. L\u2019assise de ce fauteuil est mont\u00e9e sur un m\u00e9canisme permettant \u00e0 cette derni\u00e8re de descendre avec le poids de son utilisateur. Par cette pression, les accoudoirs et le dossier prennent forme. La d\u00e9pression permet \u00e0 l\u2019ensemble de reprendre sa aspect initiale. Ce si\u00e8ge prend tout son sens \u00e0 l\u2019instant o\u00f9 la position assise est abandonn\u00e9e au profit de la position debout, traduisant ainsi l\u2019influence des agissements sur l\u2019architecture de l\u2019environnement.<\/p>\n<\/div>\n<\/div>\n<\/div>\n<\/div><\/div><div class=\"wpb_column col-md-4\"><div class=\"section-text text-block \" ><div class=\"page\" title=\"Page 20\">\n<div class=\"layoutArea\">\n<div class=\"column\">\n<div class=\"page\" title=\"Page 30\">\n<div class=\"layoutArea\">\n<div class=\"column\">\n<p>Japa est un terme Sanskrit qui d\u00e9signe une technique consistant \u00e0 r\u00e9p\u00e9ter m\u00e9caniquement un nom de divinit\u00e9 ou un mantra pour entrer dans un exercice m\u00e9ditatif. Selon les sp\u00e9cialistes, si l\u2019on arrive \u00e0 concentrer toute son attention et \u00e0 se repr\u00e9senter l\u2019id\u00e9al auquel correspond l\u2019\u00e9l\u00e9ment r\u00e9p\u00e9t\u00e9, le japa peut permettre de trouver les r\u00e9ponses aux questions qui se posent. Ce proc\u00e9d\u00e9 est ici exploit\u00e9 au travers d\u2019objets domestiques dont l\u2019usage r\u00e9p\u00e9t\u00e9 au quotidien vient rappeler une notion afin de servir de point de d\u00e9part pour une r\u00e9flexion. Chacune des pi\u00e8ces a \u00e9t\u00e9 pens\u00e9e autour de la symbolique de son usage pour inviter \u00e0 r\u00e9fl\u00e9chir sur le sens que ce dernier v\u00e9hicule.<\/p>\n<\/div>\n<\/div>\n<\/div>\n<\/div>\n<\/div>\n<\/div>\n<\/div><\/div><div class=\"wpb_column col-md-2\"><\/div><\/div><\/section><section  class=\"content-section full-width is-fluid cover no-padding no-margin    content-section-69dec4357385b\"><div class=\"row vc_row-fluid\"><div class=\"wpb_column col-md-12 align-center\"><div class=\"section-text text-block align-center\" style=\"color:#ffffff;\"><p>.<\/p>\n<\/div><\/div><\/div><\/section><section  class=\"content-section full-width is-fluid cover no-padding no-margin    content-section-69dec4357391c\"><div class=\"row vc_row-fluid\"><div class=\"wpb_column col-md-12 align-center\"><div class=\"section-text text-block align-center\" style=\"color:#ffffff;\"><p>www.designsocialclub.com<\/p>\n<\/div><\/div><\/div><\/section>\n","protected":false},"excerpt":{"rendered":". KARMAN, 2015 \/\u00a0S\u00e9rie Japa Prix sur demande Fauteuil Textile recycl\u00e9, m\u00e9tal laqu\u00e9,bois. H : 73 X 55 cm Karman d\u00e9signe la somme des actes d\u2019un individus. Justifi\u00e9 par le principe de l\u2019interd\u00e9pendance, le monde se fa\u00e7onne par les actions de chacun. L\u2019assise de ce fauteuil est mont\u00e9e sur un m\u00e9canisme permettant \u00e0 cette derni\u00e8re","protected":false},"author":1,"featured_media":0,"parent":0,"menu_order":0,"comment_status":"closed","ping_status":"closed","template":"","meta":{"jetpack_post_was_ever_published":false},"yoast_head":"<!-- This site is optimized with the Yoast SEO plugin v20.8 - https:\/\/yoast.com\/wordpress\/plugins\/seo\/ -->\n<title>Design Social Club - Karman, 2015 \/ S\u00e9rie Japa - Design Social Club<\/title>\n<meta name=\"description\" content=\"Karman est un si\u00e8ge qui prend tout son sens \u00e0 l\u2019instant o\u00f9 la position assise est abandonn\u00e9e au profit de la position debout...\" \/>\n<meta name=\"robots\" content=\"index, follow, max-snippet:-1, max-image-preview:large, max-video-preview:-1\" \/>\n<link rel=\"canonical\" href=\"https:\/\/designsocialclub.com\/index.php\/karman-designsocialclub-karman\/\" \/>\n<meta property=\"og:locale\" content=\"fr_FR\" \/>\n<meta property=\"og:type\" content=\"article\" \/>\n<meta property=\"og:title\" content=\"Design Social Club - Karman, 2015 \/ S\u00e9rie Japa - Design Social Club\" \/>\n<meta property=\"og:description\" content=\"Karman est un si\u00e8ge qui prend tout son sens \u00e0 l\u2019instant o\u00f9 la position assise est abandonn\u00e9e au profit de la position debout...\" \/>\n<meta property=\"og:url\" content=\"https:\/\/designsocialclub.com\/index.php\/karman-designsocialclub-karman\/\" \/>\n<meta property=\"og:site_name\" content=\"Design Social Club\" \/>\n<meta property=\"article:modified_time\" content=\"2019-07-23T12:46:09+00:00\" \/>\n<meta property=\"og:image\" content=\"http:\/\/designsocialclub.com\/wp-content\/uploads\/2018\/04\/turn-right-arrow-with-broken-line.png\" \/>\n<meta name=\"twitter:card\" content=\"summary_large_image\" \/>\n<meta name=\"twitter:label1\" content=\"Dur\u00e9e de lecture estim\u00e9e\" \/>\n\t<meta name=\"twitter:data1\" content=\"3 minutes\" \/>\n<script type=\"application\/ld+json\" class=\"yoast-schema-graph\">{\"@context\":\"https:\/\/schema.org\",\"@graph\":[{\"@type\":\"WebPage\",\"@id\":\"https:\/\/designsocialclub.com\/index.php\/karman-designsocialclub-karman\/\",\"url\":\"https:\/\/designsocialclub.com\/index.php\/karman-designsocialclub-karman\/\",\"name\":\"Design Social Club - Karman, 2015 \/ S\u00e9rie Japa - Design Social Club\",\"isPartOf\":{\"@id\":\"https:\/\/designsocialclub.com\/#website\"},\"datePublished\":\"2018-04-08T22:02:51+00:00\",\"dateModified\":\"2019-07-23T12:46:09+00:00\",\"description\":\"Karman est un si\u00e8ge qui prend tout son sens \u00e0 l\u2019instant o\u00f9 la position assise est abandonn\u00e9e au profit de la position debout...\",\"breadcrumb\":{\"@id\":\"https:\/\/designsocialclub.com\/index.php\/karman-designsocialclub-karman\/#breadcrumb\"},\"inLanguage\":\"fr-FR\",\"potentialAction\":[{\"@type\":\"ReadAction\",\"target\":[\"https:\/\/designsocialclub.com\/index.php\/karman-designsocialclub-karman\/\"]}]},{\"@type\":\"BreadcrumbList\",\"@id\":\"https:\/\/designsocialclub.com\/index.php\/karman-designsocialclub-karman\/#breadcrumb\",\"itemListElement\":[{\"@type\":\"ListItem\",\"position\":1,\"name\":\"Accueil\",\"item\":\"https:\/\/designsocialclub.com\/\"},{\"@type\":\"ListItem\",\"position\":2,\"name\":\"Karman- Design Social Club &#8211; Karman\"}]},{\"@type\":\"WebSite\",\"@id\":\"https:\/\/designsocialclub.com\/#website\",\"url\":\"https:\/\/designsocialclub.com\/\",\"name\":\"Design Social Club\",\"description\":\"Manufacture abstraite pour objets concrets\",\"potentialAction\":[{\"@type\":\"SearchAction\",\"target\":{\"@type\":\"EntryPoint\",\"urlTemplate\":\"https:\/\/designsocialclub.com\/?s={search_term_string}\"},\"query-input\":\"required name=search_term_string\"}],\"inLanguage\":\"fr-FR\"}]}<\/script>\n<!-- \/ Yoast SEO plugin. -->","yoast_head_json":{"title":"Design Social Club - Karman, 2015 \/ S\u00e9rie Japa - Design Social Club","description":"Karman est un si\u00e8ge qui prend tout son sens \u00e0 l\u2019instant o\u00f9 la position assise est abandonn\u00e9e au profit de la position debout...","robots":{"index":"index","follow":"follow","max-snippet":"max-snippet:-1","max-image-preview":"max-image-preview:large","max-video-preview":"max-video-preview:-1"},"canonical":"https:\/\/designsocialclub.com\/index.php\/karman-designsocialclub-karman\/","og_locale":"fr_FR","og_type":"article","og_title":"Design Social Club - Karman, 2015 \/ S\u00e9rie Japa - Design Social Club","og_description":"Karman est un si\u00e8ge qui prend tout son sens \u00e0 l\u2019instant o\u00f9 la position assise est abandonn\u00e9e au profit de la position debout...","og_url":"https:\/\/designsocialclub.com\/index.php\/karman-designsocialclub-karman\/","og_site_name":"Design Social Club","article_modified_time":"2019-07-23T12:46:09+00:00","og_image":[{"url":"http:\/\/designsocialclub.com\/wp-content\/uploads\/2018\/04\/turn-right-arrow-with-broken-line.png"}],"twitter_card":"summary_large_image","twitter_misc":{"Dur\u00e9e de lecture estim\u00e9e":"3 minutes"},"schema":{"@context":"https:\/\/schema.org","@graph":[{"@type":"WebPage","@id":"https:\/\/designsocialclub.com\/index.php\/karman-designsocialclub-karman\/","url":"https:\/\/designsocialclub.com\/index.php\/karman-designsocialclub-karman\/","name":"Design Social Club - Karman, 2015 \/ S\u00e9rie Japa - Design Social Club","isPartOf":{"@id":"https:\/\/designsocialclub.com\/#website"},"datePublished":"2018-04-08T22:02:51+00:00","dateModified":"2019-07-23T12:46:09+00:00","description":"Karman est un si\u00e8ge qui prend tout son sens \u00e0 l\u2019instant o\u00f9 la position assise est abandonn\u00e9e au profit de la position debout...","breadcrumb":{"@id":"https:\/\/designsocialclub.com\/index.php\/karman-designsocialclub-karman\/#breadcrumb"},"inLanguage":"fr-FR","potentialAction":[{"@type":"ReadAction","target":["https:\/\/designsocialclub.com\/index.php\/karman-designsocialclub-karman\/"]}]},{"@type":"BreadcrumbList","@id":"https:\/\/designsocialclub.com\/index.php\/karman-designsocialclub-karman\/#breadcrumb","itemListElement":[{"@type":"ListItem","position":1,"name":"Accueil","item":"https:\/\/designsocialclub.com\/"},{"@type":"ListItem","position":2,"name":"Karman- Design Social Club &#8211; Karman"}]},{"@type":"WebSite","@id":"https:\/\/designsocialclub.com\/#website","url":"https:\/\/designsocialclub.com\/","name":"Design Social Club","description":"Manufacture abstraite pour objets concrets","potentialAction":[{"@type":"SearchAction","target":{"@type":"EntryPoint","urlTemplate":"https:\/\/designsocialclub.com\/?s={search_term_string}"},"query-input":"required name=search_term_string"}],"inLanguage":"fr-FR"}]}},"jetpack_sharing_enabled":true,"jetpack_shortlink":"https:\/\/wp.me\/P8jKvp-1bi","_links":{"self":[{"href":"https:\/\/designsocialclub.com\/index.php\/wp-json\/wp\/v2\/pages\/4544"}],"collection":[{"href":"https:\/\/designsocialclub.com\/index.php\/wp-json\/wp\/v2\/pages"}],"about":[{"href":"https:\/\/designsocialclub.com\/index.php\/wp-json\/wp\/v2\/types\/page"}],"author":[{"embeddable":true,"href":"https:\/\/designsocialclub.com\/index.php\/wp-json\/wp\/v2\/users\/1"}],"replies":[{"embeddable":true,"href":"https:\/\/designsocialclub.com\/index.php\/wp-json\/wp\/v2\/comments?post=4544"}],"version-history":[{"count":5,"href":"https:\/\/designsocialclub.com\/index.php\/wp-json\/wp\/v2\/pages\/4544\/revisions"}],"predecessor-version":[{"id":6460,"href":"https:\/\/designsocialclub.com\/index.php\/wp-json\/wp\/v2\/pages\/4544\/revisions\/6460"}],"wp:attachment":[{"href":"https:\/\/designsocialclub.com\/index.php\/wp-json\/wp\/v2\/media?parent=4544"}],"curies":[{"name":"wp","href":"https:\/\/api.w.org\/{rel}","templated":true}]}}