{"id":6290,"date":"2019-07-17T17:54:14","date_gmt":"2019-07-17T16:54:14","guid":{"rendered":"https:\/\/designsocialclub.com\/?page_id=6290"},"modified":"2019-07-17T23:26:28","modified_gmt":"2019-07-17T22:26:28","slug":"droitderetractation","status":"publish","type":"page","link":"https:\/\/designsocialclub.com\/index.php\/droitderetractation\/","title":{"rendered":"Design Social Club &#8211; Formulaire de r\u00e9tractation"},"content":{"rendered":"<section  class=\"content-section full-width with-col cover no-padding no-margin    content-section-69df59c713ac3\"><div class=\"row vc_row-fluid\"><div class=\"wpb_column col-md-12\"><div class=\"section-text text-block \" style=\"color:#ffffff;\"><p>.<\/p>\n<\/div><\/div><\/div><\/section><section  class=\"content-section full-width with-col cover no-padding no-margin    content-section-69df59c713cbe\"><div class=\"row vc_row-fluid\"><div class=\"wpb_column col-md-2\"><\/div><div class=\"wpb_column col-md-8\"><div class=\"section-text text-block \" style=\"color:#000000;\"><p style=\"text-align: center\">Vous venez d&rsquo;effectuer un achat et vous souhaitez vous r\u00e9tracter, nous vous invitons \u00e0 nous transmettre votre demande par voie postale \u00e0 l&rsquo;adresse suivant :<\/p>\n<\/div><div class=\"section-text text-block \" style=\"color:#000000;\"><p style=\"text-align: center\">&laquo; Design Social Club, 4 rue du Petit Coudert - 63130 Royat &raquo;<\/p>\n<\/div><\/div><div class=\"wpb_column col-md-2\"><\/div><\/div><\/section><section  class=\"content-section full-width with-col cover no-padding no-margin    content-section-69df59c71405f\"><div class=\"row vc_row-fluid\"><div class=\"wpb_column col-md-12\"><div class=\"section-text text-block \" style=\"color:#ffffff;\"><p>.<\/p>\n<\/div><\/div><\/div><\/section><section  class=\"content-section full-width with-col cover no-padding no-margin    content-section-69df59c714130\"><div class=\"row vc_row-fluid\"><div class=\"wpb_column col-md-2\"><\/div><div class=\"wpb_column col-md-8\"><div class=\"section-text text-block \" style=\"color:#000000;\"><p style=\"text-align: center\"><span style=\"color: #ffffff\">Vous pouvez \u00e9galement compl\u00e9ter ce formulaire en ligne, nous traiterons votre demande dans les meilleurs d\u00e9lais :<\/span><\/p>\n<\/div><div class=\"section-text text-block \" style=\"color:#000000;\"><p style=\"text-align: center\"><span style=\"color: #000000\"><form action=\"#retract_ok\" method=\"post\" class=\"retractation\"><p><label><span class=\"label\">*Nom<\/span> : <input type=\"text\" name=\"nom\" required=\"required\" \/><\/label><\/p><p><label><span class=\"label\">*Pr\u00e9nom<\/span> : <input type=\"text\" name=\"prenom\" required=\"required\" \/><\/label><\/p><p><label><span class=\"label\">*Email<\/span> : <input type=\"text\" name=\"email\" required=\"required\" \/><\/label><\/p><p><label><span class=\"label\">*T\u00e9l\u00e9phone<\/span> : <input type=\"text\" name=\"telephone\" required=\"required\" \/><\/label><\/p><p><label><span class=\"label\">*Num\u00e9ro de commande<\/span> : <input type=\"text\" name=\"commande\" required=\"required\" \/><\/label><\/p><p><label><span class=\"label\">*Date commande<\/span> : <input type=\"date\" name=\"date_commande\" required=\"required\" \/><\/label><\/p><p><label><span class=\"label\">*Date de la demande<\/span> :\r\n\t\t<input type=\"text\" name=\"date_demande\" value=\"15\/04\/2026 09:26\" readonly=\"readonly\" \/><\/label><\/p><p><label><span class=\"label\">Motif de la demande<\/span> :\r\n\t\t<textarea name=\"motif\"><\/textarea><\/label><\/p><p><input type=\"submit\" name=\"valid\" value=\"Valider et envoyer ma demande de r\u00e9tractation imm\u00e9diatement\" \/><div class=\"alert\">En cliquant sur le bouton ci-dessus, je confirme envoyer une demande de r\u00e9tractation dans la pleine possession de mes moyens.<\/div><\/form><p>Les champs marqu\u00e9s d'une \u00e9toile sont obligatoires !<\/p><style type=\"text\/css\">.retractation .label{ display:inline-block;width:180px;} <\/style><\/span><\/p>\n<\/div><\/div><div class=\"wpb_column col-md-2\"><\/div><\/div><\/section><section  class=\"content-section full-width with-col cover no-padding no-margin    content-section-69df59c714444\"><div class=\"row vc_row-fluid\"><div class=\"wpb_column col-md-12\"><div class=\"section-text text-block \" style=\"color:#ffffff;\"><p>.<\/p>\n<\/div><\/div><\/div><\/section><section  class=\"content-section full-width with-col cover no-padding no-margin    content-section-69df59c71451e\"><div class=\"row vc_row-fluid\"><div class=\"wpb_column col-md-2\"><\/div><div class=\"wpb_column col-md-8\"><div class=\"section-text text-block \" style=\"color:#000000;\"><p style=\"text-align: center\"><span style=\"color: #808080\">www.designsocialclub.com<\/span><br \/>\n<span style=\"color: #808080\"><a style=\"color: #808080\" href=\"https:\/\/designsocialclub.com\/index.php\/mentionslegales\/\" target=\"_blank\" rel=\"noopener noreferrer\">Mentions l\u00e9gales<\/a><a style=\"color: #808080\" href=\"https:\/\/designsocialclub.com\/index.php\/mentionslegales\/\" target=\"_blank\" rel=\"noopener noreferrer\">\u00a0 \/ <\/a><a style=\"color: #808080\" href=\"https:\/\/designsocialclub.com\/index.php\/legal\/\" target=\"_blank\" rel=\"noopener noreferrer\">CGV<\/a>\u00a0\/ <a style=\"color: #808080\" href=\"https:\/\/designsocialclub.com\/index.php\/droitderetractation\/\" target=\"_blank\" rel=\"noopener noreferrer\">Formulaire de r\u00e9tractation<\/a>\u00a0\/ <a style=\"color: #808080\" href=\"https:\/\/designsocialclub.com\/index.php\/politique-de-confidentialite\/\" target=\"_blank\" rel=\"noopener noreferrer\">Politique de confidentialit\u00e9<\/a><\/span><br \/>\n<span style=\"color: #808080\">DesignSocialClub\u00a92019<\/span><\/p>\n<\/div><\/div><div class=\"wpb_column col-md-2\"><\/div><\/div><\/section>\n","protected":false},"excerpt":{"rendered":". Vous venez d'effectuer un achat et vous souhaitez vous r\u00e9tracter, nous vous invitons \u00e0 nous transmettre votre demande par voie postale \u00e0 l'adresse suivant : &laquo; Design Social Club, 4 rue du Petit Coudert - 63130 Royat &raquo; . Vous pouvez \u00e9galement compl\u00e9ter ce formulaire en ligne, nous traiterons votre demande dans les meilleurs","protected":false},"author":1,"featured_media":0,"parent":0,"menu_order":0,"comment_status":"closed","ping_status":"closed","template":"","meta":{"jetpack_post_was_ever_published":false},"yoast_head":"<!-- This site is optimized with the Yoast SEO plugin v20.8 - https:\/\/yoast.com\/wordpress\/plugins\/seo\/ -->\n<title>Design Social Club - Formulaire de r\u00e9tractation - Design Social Club<\/title>\n<meta name=\"description\" content=\"Formulaire de r\u00e9tractation\" \/>\n<meta name=\"robots\" content=\"noindex, follow\" \/>\n<meta property=\"og:locale\" content=\"fr_FR\" \/>\n<meta property=\"og:type\" content=\"article\" \/>\n<meta property=\"og:title\" content=\"Design Social Club - Formulaire de r\u00e9tractation - Design Social Club\" \/>\n<meta property=\"og:description\" content=\"Formulaire de r\u00e9tractation\" \/>\n<meta property=\"og:url\" content=\"https:\/\/designsocialclub.com\/index.php\/droitderetractation\/\" \/>\n<meta property=\"og:site_name\" content=\"Design Social Club\" \/>\n<meta property=\"article:modified_time\" content=\"2019-07-17T22:26:28+00:00\" \/>\n<meta name=\"twitter:card\" content=\"summary_large_image\" \/>\n<meta name=\"twitter:label1\" content=\"Dur\u00e9e de lecture estim\u00e9e\" \/>\n\t<meta name=\"twitter:data1\" content=\"1 minute\" \/>\n<script type=\"application\/ld+json\" class=\"yoast-schema-graph\">{\"@context\":\"https:\/\/schema.org\",\"@graph\":[{\"@type\":\"WebPage\",\"@id\":\"https:\/\/designsocialclub.com\/index.php\/droitderetractation\/\",\"url\":\"https:\/\/designsocialclub.com\/index.php\/droitderetractation\/\",\"name\":\"Design Social Club - Formulaire de r\u00e9tractation - Design Social Club\",\"isPartOf\":{\"@id\":\"https:\/\/designsocialclub.com\/#website\"},\"datePublished\":\"2019-07-17T16:54:14+00:00\",\"dateModified\":\"2019-07-17T22:26:28+00:00\",\"description\":\"Formulaire de r\u00e9tractation\",\"breadcrumb\":{\"@id\":\"https:\/\/designsocialclub.com\/index.php\/droitderetractation\/#breadcrumb\"},\"inLanguage\":\"fr-FR\",\"potentialAction\":[{\"@type\":\"ReadAction\",\"target\":[\"https:\/\/designsocialclub.com\/index.php\/droitderetractation\/\"]}]},{\"@type\":\"BreadcrumbList\",\"@id\":\"https:\/\/designsocialclub.com\/index.php\/droitderetractation\/#breadcrumb\",\"itemListElement\":[{\"@type\":\"ListItem\",\"position\":1,\"name\":\"Accueil\",\"item\":\"https:\/\/designsocialclub.com\/\"},{\"@type\":\"ListItem\",\"position\":2,\"name\":\"Design Social Club &#8211; Formulaire de r\u00e9tractation\"}]},{\"@type\":\"WebSite\",\"@id\":\"https:\/\/designsocialclub.com\/#website\",\"url\":\"https:\/\/designsocialclub.com\/\",\"name\":\"Design Social Club\",\"description\":\"Manufacture abstraite pour objets concrets\",\"potentialAction\":[{\"@type\":\"SearchAction\",\"target\":{\"@type\":\"EntryPoint\",\"urlTemplate\":\"https:\/\/designsocialclub.com\/?s={search_term_string}\"},\"query-input\":\"required name=search_term_string\"}],\"inLanguage\":\"fr-FR\"}]}<\/script>\n<!-- \/ Yoast SEO plugin. -->","yoast_head_json":{"title":"Design Social Club - Formulaire de r\u00e9tractation - Design Social Club","description":"Formulaire de r\u00e9tractation","robots":{"index":"noindex","follow":"follow"},"og_locale":"fr_FR","og_type":"article","og_title":"Design Social Club - Formulaire de r\u00e9tractation - Design Social Club","og_description":"Formulaire de r\u00e9tractation","og_url":"https:\/\/designsocialclub.com\/index.php\/droitderetractation\/","og_site_name":"Design Social Club","article_modified_time":"2019-07-17T22:26:28+00:00","twitter_card":"summary_large_image","twitter_misc":{"Dur\u00e9e de lecture estim\u00e9e":"1 minute"},"schema":{"@context":"https:\/\/schema.org","@graph":[{"@type":"WebPage","@id":"https:\/\/designsocialclub.com\/index.php\/droitderetractation\/","url":"https:\/\/designsocialclub.com\/index.php\/droitderetractation\/","name":"Design Social Club - Formulaire de r\u00e9tractation - Design Social Club","isPartOf":{"@id":"https:\/\/designsocialclub.com\/#website"},"datePublished":"2019-07-17T16:54:14+00:00","dateModified":"2019-07-17T22:26:28+00:00","description":"Formulaire de r\u00e9tractation","breadcrumb":{"@id":"https:\/\/designsocialclub.com\/index.php\/droitderetractation\/#breadcrumb"},"inLanguage":"fr-FR","potentialAction":[{"@type":"ReadAction","target":["https:\/\/designsocialclub.com\/index.php\/droitderetractation\/"]}]},{"@type":"BreadcrumbList","@id":"https:\/\/designsocialclub.com\/index.php\/droitderetractation\/#breadcrumb","itemListElement":[{"@type":"ListItem","position":1,"name":"Accueil","item":"https:\/\/designsocialclub.com\/"},{"@type":"ListItem","position":2,"name":"Design Social Club &#8211; Formulaire de r\u00e9tractation"}]},{"@type":"WebSite","@id":"https:\/\/designsocialclub.com\/#website","url":"https:\/\/designsocialclub.com\/","name":"Design Social Club","description":"Manufacture abstraite pour objets concrets","potentialAction":[{"@type":"SearchAction","target":{"@type":"EntryPoint","urlTemplate":"https:\/\/designsocialclub.com\/?s={search_term_string}"},"query-input":"required name=search_term_string"}],"inLanguage":"fr-FR"}]}},"jetpack_sharing_enabled":true,"jetpack_shortlink":"https:\/\/wp.me\/P8jKvp-1Ds","_links":{"self":[{"href":"https:\/\/designsocialclub.com\/index.php\/wp-json\/wp\/v2\/pages\/6290"}],"collection":[{"href":"https:\/\/designsocialclub.com\/index.php\/wp-json\/wp\/v2\/pages"}],"about":[{"href":"https:\/\/designsocialclub.com\/index.php\/wp-json\/wp\/v2\/types\/page"}],"author":[{"embeddable":true,"href":"https:\/\/designsocialclub.com\/index.php\/wp-json\/wp\/v2\/users\/1"}],"replies":[{"embeddable":true,"href":"https:\/\/designsocialclub.com\/index.php\/wp-json\/wp\/v2\/comments?post=6290"}],"version-history":[{"count":9,"href":"https:\/\/designsocialclub.com\/index.php\/wp-json\/wp\/v2\/pages\/6290\/revisions"}],"predecessor-version":[{"id":6334,"href":"https:\/\/designsocialclub.com\/index.php\/wp-json\/wp\/v2\/pages\/6290\/revisions\/6334"}],"wp:attachment":[{"href":"https:\/\/designsocialclub.com\/index.php\/wp-json\/wp\/v2\/media?parent=6290"}],"curies":[{"name":"wp","href":"https:\/\/api.w.org\/{rel}","templated":true}]}}