{"id":40245,"date":"2021-12-06T19:59:50","date_gmt":"2021-12-06T18:59:50","guid":{"rendered":"https:\/\/designsocialclub.com\/?post_type=product&#038;p=40245"},"modified":"2021-12-12T21:26:23","modified_gmt":"2021-12-12T20:26:23","slug":"food-non-food-2","status":"publish","type":"product","link":"https:\/\/designsocialclub.com\/index.php\/produit\/food-non-food-2\/","title":{"rendered":"Food Non Food &#8211; Asian Food"},"content":{"rendered":"<section  class=\"content-section full-width with-col cover no-padding no-margin    content-section-69f2ab549956b\"><div class=\"row vc_row-fluid\"><div class=\"wpb_column col-md-3\"><\/div><div class=\"wpb_column col-md-6\"><div class=\"section-text text-block \" ><p style=\"text-align: center\">FOOD NON FOOD NUTRITIVE ART PROGRAMME<\/p>\n<p style=\"text-align: center\">L\u2019alimentation est un besoin vital qui nous relie tous, l\u2019art est un vecteur universel, un langage commun \u00e0 toutes les cultures. Food non Food est un programme experimental visant la transformation de la matiere artistique en nourriture. Pour cela un ensemble de 30 sculptures est vendu au profit d\u2019une fraterie dans le besoin. Zemed Damena ainsi que ses deux fr\u00e8res Asrat et Gashaw ont du fuir leur village a cause de la guerre qui bouleverse l\u2019Ethiopie en cette ann\u00e9e 2021. Au del\u00e0 de leur venir en aide, food non food \u00e9voque par ses formes la diversit\u00e9 d\u2019une alimentation standardis\u00e9e et lui rend ainsi une certaine subsistance. Comme extrait d\u2019une nature morte ces aliments forment alors une chaine alimentaire pour le corps et l\u2019esprit.<\/p>\n<\/div><\/div><div class=\"wpb_column col-md-3\"><\/div><\/div><\/section><section  class=\"content-section full-width with-col cover no-padding no-margin    content-section-69f2ab54998e6\"><div class=\"row vc_row-fluid\"><div class=\"wpb_column col-md-3\"><div class=\"section-text text-block \" ><p><a href=\"https:\/\/designsocialclub.com\/index.php\/store-2\/\"><img loading=\"lazy\" class=\"wp-image-4391 alignleft\" src=\"https:\/\/i0.wp.com\/designsocialclub.com\/wp-content\/uploads\/2018\/04\/turn-right-arrow-with-broken-line.png?resize=78%2C78\" alt=\"\" width=\"78\" height=\"78\" data-recalc-dims=\"1\" \/><\/a><\/p>\n<\/div><\/div><div class=\"wpb_column col-md-6\"><\/div><div class=\"wpb_column col-md-3\"><\/div><\/div><\/section>\n","protected":false},"excerpt":{"rendered":"<p><i>Sculpture<\/i><\/p>\n<p>Produit en 30 Exemplaires num\u00e9rot\u00e9s<\/p>\n<p>Technique mixte<\/p>\n<p>7 X 15 X 7cm<\/p>\n<p>[icon name=\"truck\" class=\"\" unprefixed_class=\"\"]<em>\u00a01-2 semaines<\/em><\/p>\n","protected":false},"featured_media":40246,"template":"","meta":{"jetpack_post_was_ever_published":false,"jetpack_publicize_message":"","jetpack_is_tweetstorm":false,"jetpack_publicize_feature_enabled":true,"jetpack_social_post_already_shared":true,"jetpack_social_options":{"image_generator_settings":{"template":"highway","enabled":false}}},"product_cat":[165],"product_tag":[],"jetpack_publicize_connections":[],"yoast_head":"<!-- This site is optimized with the Yoast SEO plugin v20.8 - https:\/\/yoast.com\/wordpress\/plugins\/seo\/ -->\n<title>Food Non Food - Asian Food - Design Social Club<\/title>\n<meta name=\"robots\" content=\"index, follow, max-snippet:-1, max-image-preview:large, max-video-preview:-1\" \/>\n<link rel=\"canonical\" href=\"https:\/\/designsocialclub.com\/index.php\/produit\/food-non-food-2\/\" \/>\n<meta property=\"og:locale\" content=\"fr_FR\" \/>\n<meta property=\"og:type\" content=\"article\" \/>\n<meta property=\"og:title\" content=\"Food Non Food - Asian Food - Design Social Club\" \/>\n<meta property=\"og:description\" content=\"Sculpture  Produit en 30 Exemplaires num\u00e9rot\u00e9s  Technique mixte  7 X 15 X 7cm  \u00a01-2 semaines\" \/>\n<meta property=\"og:url\" content=\"https:\/\/designsocialclub.com\/index.php\/produit\/food-non-food-2\/\" \/>\n<meta property=\"og:site_name\" content=\"Design Social Club\" \/>\n<meta property=\"article:modified_time\" content=\"2021-12-12T20:26:23+00:00\" \/>\n<meta property=\"og:image\" content=\"https:\/\/designsocialclub.com\/wp-content\/uploads\/2021\/12\/IMG_4423-copie.jpg\" \/>\n\t<meta property=\"og:image:width\" content=\"1920\" \/>\n\t<meta property=\"og:image:height\" content=\"1920\" \/>\n\t<meta property=\"og:image:type\" content=\"image\/jpeg\" \/>\n<meta name=\"twitter:card\" content=\"summary_large_image\" \/>\n<meta name=\"twitter:label1\" content=\"Dur\u00e9e de lecture estim\u00e9e\" \/>\n\t<meta name=\"twitter:data1\" content=\"1 minute\" \/>\n<script type=\"application\/ld+json\" class=\"yoast-schema-graph\">{\"@context\":\"https:\/\/schema.org\",\"@graph\":[{\"@type\":\"WebPage\",\"@id\":\"https:\/\/designsocialclub.com\/index.php\/produit\/food-non-food-2\/\",\"url\":\"https:\/\/designsocialclub.com\/index.php\/produit\/food-non-food-2\/\",\"name\":\"Food Non Food - Asian Food - Design Social Club\",\"isPartOf\":{\"@id\":\"https:\/\/designsocialclub.com\/#website\"},\"datePublished\":\"2021-12-06T18:59:50+00:00\",\"dateModified\":\"2021-12-12T20:26:23+00:00\",\"breadcrumb\":{\"@id\":\"https:\/\/designsocialclub.com\/index.php\/produit\/food-non-food-2\/#breadcrumb\"},\"inLanguage\":\"fr-FR\",\"potentialAction\":[{\"@type\":\"ReadAction\",\"target\":[\"https:\/\/designsocialclub.com\/index.php\/produit\/food-non-food-2\/\"]}]},{\"@type\":\"BreadcrumbList\",\"@id\":\"https:\/\/designsocialclub.com\/index.php\/produit\/food-non-food-2\/#breadcrumb\",\"itemListElement\":[{\"@type\":\"ListItem\",\"position\":1,\"name\":\"Accueil\",\"item\":\"https:\/\/designsocialclub.com\/\"},{\"@type\":\"ListItem\",\"position\":2,\"name\":\"Store\/Boutique en ligne\",\"item\":\"https:\/\/designsocialclub.com\/index.php\/store-2\/\"},{\"@type\":\"ListItem\",\"position\":3,\"name\":\"Food Non Food &#8211; Asian Food\"}]},{\"@type\":\"WebSite\",\"@id\":\"https:\/\/designsocialclub.com\/#website\",\"url\":\"https:\/\/designsocialclub.com\/\",\"name\":\"Design Social Club\",\"description\":\"Manufacture abstraite pour objets concrets\",\"potentialAction\":[{\"@type\":\"SearchAction\",\"target\":{\"@type\":\"EntryPoint\",\"urlTemplate\":\"https:\/\/designsocialclub.com\/?s={search_term_string}\"},\"query-input\":\"required name=search_term_string\"}],\"inLanguage\":\"fr-FR\"}]}<\/script>\n<!-- \/ Yoast SEO plugin. -->","yoast_head_json":{"title":"Food Non Food - Asian Food - Design Social Club","robots":{"index":"index","follow":"follow","max-snippet":"max-snippet:-1","max-image-preview":"max-image-preview:large","max-video-preview":"max-video-preview:-1"},"canonical":"https:\/\/designsocialclub.com\/index.php\/produit\/food-non-food-2\/","og_locale":"fr_FR","og_type":"article","og_title":"Food Non Food - Asian Food - Design Social Club","og_description":"Sculpture  Produit en 30 Exemplaires num\u00e9rot\u00e9s  Technique mixte  7 X 15 X 7cm  \u00a01-2 semaines","og_url":"https:\/\/designsocialclub.com\/index.php\/produit\/food-non-food-2\/","og_site_name":"Design Social Club","article_modified_time":"2021-12-12T20:26:23+00:00","og_image":[{"width":1920,"height":1920,"url":"https:\/\/designsocialclub.com\/wp-content\/uploads\/2021\/12\/IMG_4423-copie.jpg","type":"image\/jpeg"}],"twitter_card":"summary_large_image","twitter_misc":{"Dur\u00e9e de lecture estim\u00e9e":"1 minute"},"schema":{"@context":"https:\/\/schema.org","@graph":[{"@type":"WebPage","@id":"https:\/\/designsocialclub.com\/index.php\/produit\/food-non-food-2\/","url":"https:\/\/designsocialclub.com\/index.php\/produit\/food-non-food-2\/","name":"Food Non Food - Asian Food - Design Social Club","isPartOf":{"@id":"https:\/\/designsocialclub.com\/#website"},"datePublished":"2021-12-06T18:59:50+00:00","dateModified":"2021-12-12T20:26:23+00:00","breadcrumb":{"@id":"https:\/\/designsocialclub.com\/index.php\/produit\/food-non-food-2\/#breadcrumb"},"inLanguage":"fr-FR","potentialAction":[{"@type":"ReadAction","target":["https:\/\/designsocialclub.com\/index.php\/produit\/food-non-food-2\/"]}]},{"@type":"BreadcrumbList","@id":"https:\/\/designsocialclub.com\/index.php\/produit\/food-non-food-2\/#breadcrumb","itemListElement":[{"@type":"ListItem","position":1,"name":"Accueil","item":"https:\/\/designsocialclub.com\/"},{"@type":"ListItem","position":2,"name":"Store\/Boutique en ligne","item":"https:\/\/designsocialclub.com\/index.php\/store-2\/"},{"@type":"ListItem","position":3,"name":"Food Non Food &#8211; Asian Food"}]},{"@type":"WebSite","@id":"https:\/\/designsocialclub.com\/#website","url":"https:\/\/designsocialclub.com\/","name":"Design Social Club","description":"Manufacture abstraite pour objets concrets","potentialAction":[{"@type":"SearchAction","target":{"@type":"EntryPoint","urlTemplate":"https:\/\/designsocialclub.com\/?s={search_term_string}"},"query-input":"required name=search_term_string"}],"inLanguage":"fr-FR"}]}},"jetpack_sharing_enabled":true,"_links":{"self":[{"href":"https:\/\/designsocialclub.com\/index.php\/wp-json\/wp\/v2\/product\/40245"}],"collection":[{"href":"https:\/\/designsocialclub.com\/index.php\/wp-json\/wp\/v2\/product"}],"about":[{"href":"https:\/\/designsocialclub.com\/index.php\/wp-json\/wp\/v2\/types\/product"}],"wp:featuredmedia":[{"embeddable":true,"href":"https:\/\/designsocialclub.com\/index.php\/wp-json\/wp\/v2\/media\/40246"}],"wp:attachment":[{"href":"https:\/\/designsocialclub.com\/index.php\/wp-json\/wp\/v2\/media?parent=40245"}],"wp:term":[{"taxonomy":"product_cat","embeddable":true,"href":"https:\/\/designsocialclub.com\/index.php\/wp-json\/wp\/v2\/product_cat?post=40245"},{"taxonomy":"product_tag","embeddable":true,"href":"https:\/\/designsocialclub.com\/index.php\/wp-json\/wp\/v2\/product_tag?post=40245"}],"curies":[{"name":"wp","href":"https:\/\/api.w.org\/{rel}","templated":true}]}}